{"id":443,"date":"2024-01-21T00:15:26","date_gmt":"2024-01-21T03:15:26","guid":{"rendered":"https:\/\/multiserviciosjf.com\/?page_id=443"},"modified":"2024-06-27T00:04:14","modified_gmt":"2024-06-27T03:04:14","slug":"sobre-nosotros","status":"publish","type":"page","link":"https:\/\/multiserviciosjf.com\/index.php\/sobre-nosotros\/","title":{"rendered":"Nosotros"},"content":{"rendered":"\n<div class=\"section-wrapper\" data-id=\"BzZ5Di\"><section class=\"wp-block-gutenverse-section guten-element guten-section guten-BzZ5Di layout-fullwidth align-stretch\"><div class=\"guten-background-overlay\"><\/div><div class=\"guten-shape-divider guten-shape-divider-top\"><\/div><div class=\"guten-shape-divider guten-shape-divider-bottom\"><\/div><div class=\"guten-container guten-column-gap-no\">\n<div class=\"wp-block-gutenverse-column guten-element guten-column guten-iCgBnH\"><div class=\"guten-background-overlay\"><\/div><div class=\"sticky-wrapper\" data-id=\"iCgBnH\"><div class=\"guten-column-wrapper\">\n<figure class=\"wp-block-image aligncenter size-full is-resized\"><a href=\"https:\/\/multiserviciosjf.com\/\"><img fetchpriority=\"high\" decoding=\"async\" width=\"555\" height=\"449\" src=\"https:\/\/multiserviciosjf.com\/wp-content\/uploads\/2024\/01\/image__1_-removebg-preview.png\" alt=\"\" class=\"wp-image-575\" style=\"width:85px;height:auto\" srcset=\"https:\/\/multiserviciosjf.com\/wp-content\/uploads\/2024\/01\/image__1_-removebg-preview.png 555w, https:\/\/multiserviciosjf.com\/wp-content\/uploads\/2024\/01\/image__1_-removebg-preview-300x243.png 300w\" sizes=\"(max-width: 555px) 100vw, 555px\" \/><\/a><\/figure>\n<\/div><\/div><\/div>\n\n\n\n<div class=\"wp-block-gutenverse-column guten-element guten-column guten-0Qy3tx\"><div class=\"guten-background-overlay\"><\/div><div class=\"sticky-wrapper\" data-id=\"0Qy3tx\"><div class=\"guten-column-wrapper\"><div id=\"guten-EiT5AD\" class=\"guten-element guten-nav-menu nav-menu break-point-tablet submenu-click-title \" data-item-indicator=\"fas fa-angle-down\" data-close-on-click=\"1\">\n\t\t\t<div class=\"gutenverse-hamburger-wrapper\">\n\t\t\t\t<button class=\"gutenverse-hamburger-menu\">\n\t\t\t\t\t<i aria-hidden=\"true\" class=\"fas fa-bars\"><\/i>\n\t\t\t\t<\/button>\n\t\t\t<\/div>\n\t\t\t\n\t\t\t<div class=\"gutenverse-menu-wrapper\"><div class=\"gutenverse-menu\"><ul>\n<li class=\"page_item page-item-484\"><a href=\"javascript:void(0);\" data-href=\"https:\/\/multiserviciosjf.com\/index.php\/484-2\/\">CONTACTO<\/a><\/li>\n<li class=\"page_item page-item-443\"><a href=\"javascript:void(0);\" data-href=\"https:\/\/multiserviciosjf.com\/index.php\/sobre-nosotros\/\">Nosotros<\/a><\/li>\n<li class=\"page_item page-item-461\"><a href=\"javascript:void(0);\" data-href=\"https:\/\/multiserviciosjf.com\/index.php\/servicios\/\">SERVICIOS<\/a><\/li>\n<li class=\"page_item page-item-690\"><a href=\"javascript:void(0);\" data-href=\"https:\/\/multiserviciosjf.com\/index.php\/trabajos\/\">Trabajos<\/a><\/li>\n<\/ul><\/div>\n\n\t\t\t\t<div>\n\t\t\t\t\t<div class=\"gutenverse-nav-identity-panel\">\n\t\t\t\t\t\t<div class=\"gutenverse-nav-site-title\">\n\t\t\t\t\t\t\t<a href=\"https:\/\/multiserviciosjf.com\" class=\"gutenverse-nav-logo\"><img decoding=\"async\" src=\"https:\/\/tes-plugin.kit\/wp-content\/themes\/startupzy\/\/assets\/img\/logo-startupzy-2.webp\" alt=\"JF Multiservicios - \"><\/a>\n\t\t\t\t\t\t<\/div>\n\t\t\t\t\t\t<button class=\"gutenverse-close-menu\"><i aria-hidden=\"true\" class=\"fas fa-times\"><\/i><\/button>\n\t\t\t\t\t<\/div>\n\t\t\t\t<\/div>\n\t\t\t<\/div>\n\t\t<\/div><\/div><\/div><\/div>\n<\/div><\/section><\/div>\n\n\n\n<div class=\"section-wrapper\" data-id=\"Vnh01w\"><section class=\"wp-block-gutenverse-section guten-element guten-section guten-Vnh01w layout-boxed align-stretch\"><div class=\"guten-background-overlay\"><\/div><div class=\"guten-shape-divider guten-shape-divider-top\"><\/div><div class=\"guten-shape-divider guten-shape-divider-bottom\"><\/div><div class=\"guten-container guten-column-gap-default\">\n<div class=\"wp-block-gutenverse-column guten-element guten-column guten-x4HI5u\"><div class=\"guten-background-overlay\"><\/div><div class=\"sticky-wrapper\" data-id=\"x4HI5u\"><div class=\"guten-column-wrapper\">\n<h2 class=\"wp-block-gutenverse-heading guten-element guten-EBtrsb\">Nosotros<\/h2>\n\n\n\n<div class=\"guten-element guten-icon-list guten-ZW8ocs inline-icon-list\">\n<div class=\"guten-element guten-icon-list-item guten-sicaeL\"><a id=\"guten-sicaeL\"><span class=\"list-text no-icon\">Inicio<\/span><\/a><\/div>\n\n\n\n<div class=\"guten-element guten-icon-list-item guten-AXsPLs\"><a id=\"guten-AXsPLs\"><i class=\"fas fa-chevron-right\"><\/i><span class=\"list-text \">Nosotros<\/span><\/a><\/div>\n<\/div>\n<\/div><\/div><\/div>\n<\/div><\/section><\/div>\n\n\n\n<div class=\"section-wrapper\" data-id=\"uL3WNu\"><section class=\"wp-block-gutenverse-section guten-element guten-section guten-uL3WNu layout-boxed align-stretch\"><div class=\"guten-background-overlay\"><\/div><div class=\"guten-shape-divider guten-shape-divider-top\"><\/div><div class=\"guten-shape-divider guten-shape-divider-bottom\"><\/div><div class=\"guten-container guten-column-gap-no\">\n<div class=\"wp-block-gutenverse-column guten-element guten-column guten-6zFfN9\"><div class=\"guten-background-overlay\"><\/div><div class=\"sticky-wrapper\" data-id=\"6zFfN9\"><div class=\"guten-column-wrapper\">\n<figure class=\"wp-block-image size-large\"><img decoding=\"async\" width=\"1024\" height=\"1024\" src=\"https:\/\/multiserviciosjf.com\/wp-content\/uploads\/2024\/06\/WhatsApp-Image-2024-06-19-at-7.35.03-PM-1-1024x1024.jpeg\" alt=\"\" class=\"wp-image-804\" srcset=\"https:\/\/multiserviciosjf.com\/wp-content\/uploads\/2024\/06\/WhatsApp-Image-2024-06-19-at-7.35.03-PM-1-1024x1024.jpeg 1024w, https:\/\/multiserviciosjf.com\/wp-content\/uploads\/2024\/06\/WhatsApp-Image-2024-06-19-at-7.35.03-PM-1-300x300.jpeg 300w, https:\/\/multiserviciosjf.com\/wp-content\/uploads\/2024\/06\/WhatsApp-Image-2024-06-19-at-7.35.03-PM-1-150x150.jpeg 150w, https:\/\/multiserviciosjf.com\/wp-content\/uploads\/2024\/06\/WhatsApp-Image-2024-06-19-at-7.35.03-PM-1-768x768.jpeg 768w, https:\/\/multiserviciosjf.com\/wp-content\/uploads\/2024\/06\/WhatsApp-Image-2024-06-19-at-7.35.03-PM-1-600x600.jpeg 600w, https:\/\/multiserviciosjf.com\/wp-content\/uploads\/2024\/06\/WhatsApp-Image-2024-06-19-at-7.35.03-PM-1-100x100.jpeg 100w, https:\/\/multiserviciosjf.com\/wp-content\/uploads\/2024\/06\/WhatsApp-Image-2024-06-19-at-7.35.03-PM-1.jpeg 1080w\" sizes=\"(max-width: 1024px) 100vw, 1024px\" \/><\/figure>\n<\/div><\/div><\/div>\n\n\n\n<div class=\"wp-block-gutenverse-column guten-element guten-column guten-NC5FYz\"><div class=\"guten-background-overlay\"><\/div><div class=\"sticky-wrapper\" data-id=\"NC5FYz\"><div class=\"guten-column-wrapper\">\n<figure class=\"wp-block-image size-large\"><img decoding=\"async\" width=\"1024\" height=\"1024\" src=\"https:\/\/multiserviciosjf.com\/wp-content\/uploads\/2024\/06\/WhatsApp-Image-2024-06-19-at-8.04.16-PM-1-1024x1024.jpeg\" alt=\"\" class=\"wp-image-809\" srcset=\"https:\/\/multiserviciosjf.com\/wp-content\/uploads\/2024\/06\/WhatsApp-Image-2024-06-19-at-8.04.16-PM-1-1024x1024.jpeg 1024w, https:\/\/multiserviciosjf.com\/wp-content\/uploads\/2024\/06\/WhatsApp-Image-2024-06-19-at-8.04.16-PM-1-300x300.jpeg 300w, https:\/\/multiserviciosjf.com\/wp-content\/uploads\/2024\/06\/WhatsApp-Image-2024-06-19-at-8.04.16-PM-1-150x150.jpeg 150w, https:\/\/multiserviciosjf.com\/wp-content\/uploads\/2024\/06\/WhatsApp-Image-2024-06-19-at-8.04.16-PM-1-768x768.jpeg 768w, https:\/\/multiserviciosjf.com\/wp-content\/uploads\/2024\/06\/WhatsApp-Image-2024-06-19-at-8.04.16-PM-1-600x600.jpeg 600w, https:\/\/multiserviciosjf.com\/wp-content\/uploads\/2024\/06\/WhatsApp-Image-2024-06-19-at-8.04.16-PM-1-100x100.jpeg 100w, https:\/\/multiserviciosjf.com\/wp-content\/uploads\/2024\/06\/WhatsApp-Image-2024-06-19-at-8.04.16-PM-1.jpeg 1080w\" sizes=\"(max-width: 1024px) 100vw, 1024px\" \/><\/figure>\n<\/div><\/div><\/div>\n\n\n\n<div class=\"wp-block-gutenverse-column guten-element guten-column guten-YtrUSH\"><div class=\"guten-background-overlay\"><\/div><div class=\"sticky-wrapper\" data-id=\"YtrUSH\"><div class=\"guten-column-wrapper\">\n<figure class=\"wp-block-image size-large\"><img loading=\"lazy\" decoding=\"async\" width=\"1024\" height=\"1024\" src=\"https:\/\/multiserviciosjf.com\/wp-content\/uploads\/2024\/06\/WhatsApp-Image-2024-06-19-at-7.35.03-PM-2-1024x1024.jpeg\" alt=\"\" class=\"wp-image-806\" srcset=\"https:\/\/multiserviciosjf.com\/wp-content\/uploads\/2024\/06\/WhatsApp-Image-2024-06-19-at-7.35.03-PM-2-1024x1024.jpeg 1024w, https:\/\/multiserviciosjf.com\/wp-content\/uploads\/2024\/06\/WhatsApp-Image-2024-06-19-at-7.35.03-PM-2-300x300.jpeg 300w, https:\/\/multiserviciosjf.com\/wp-content\/uploads\/2024\/06\/WhatsApp-Image-2024-06-19-at-7.35.03-PM-2-150x150.jpeg 150w, https:\/\/multiserviciosjf.com\/wp-content\/uploads\/2024\/06\/WhatsApp-Image-2024-06-19-at-7.35.03-PM-2-768x768.jpeg 768w, https:\/\/multiserviciosjf.com\/wp-content\/uploads\/2024\/06\/WhatsApp-Image-2024-06-19-at-7.35.03-PM-2-600x600.jpeg 600w, https:\/\/multiserviciosjf.com\/wp-content\/uploads\/2024\/06\/WhatsApp-Image-2024-06-19-at-7.35.03-PM-2-100x100.jpeg 100w, https:\/\/multiserviciosjf.com\/wp-content\/uploads\/2024\/06\/WhatsApp-Image-2024-06-19-at-7.35.03-PM-2.jpeg 1080w\" sizes=\"(max-width: 1024px) 100vw, 1024px\" \/><\/figure>\n<\/div><\/div><\/div>\n<\/div><\/section><\/div>\n\n\n\n<div class=\"section-wrapper\" data-id=\"OqBJa3\"><section class=\"wp-block-gutenverse-section guten-element guten-section guten-OqBJa3 layout-boxed align-stretch\"><div class=\"guten-background-overlay\"><\/div><div class=\"guten-shape-divider guten-shape-divider-top\"><\/div><div class=\"guten-shape-divider guten-shape-divider-bottom\"><\/div><div class=\"guten-container guten-column-gap-default\">\n<div class=\"wp-block-gutenverse-column guten-element guten-column guten-PF1k7w\"><div class=\"guten-background-overlay\"><\/div><div class=\"sticky-wrapper\" data-id=\"PF1k7w\"><div class=\"guten-column-wrapper\">\n<h5 class=\"wp-block-gutenverse-heading guten-element guten-vw6wJm animated guten-element-hide desktop-fadeInUp\">Objetivo<\/h5>\n\n\n\n<h2 class=\"wp-block-gutenverse-heading guten-element guten-OBWF5r animated guten-element-hide desktop-fadeInUp\">Estamos aqu\u00ed para brindarle las mejores soluciones a sus inconvenientes<\/h2>\n\n\n\n<div class=\"guten-element gutenverse-text-editor guten-2ST0Pm animated guten-element-hide desktop-fadeInUp\"><div class=\"text-content-inner\">\n<p><strong>Nos encontramos enfocados en brindarle un servicio comprometido, diferenciado&nbsp;en el mercado y personalizado, d\u00e1ndole una respuesta con asesoramiento inmediato.<\/strong><\/p>\n\n\n\n<p><strong>Soluciones paliativas definitivas con un previo an\u00e1lisis de estudios patol\u00f3gicos, serios y responsables.<\/strong><\/p>\n\n\n\n<p><strong>Crecimiento y capacitaci\u00f3n permanente de nuestros colaboradores.<\/strong><\/p>\n<\/div><\/div>\n\n\n\n<div class=\"guten-element guten-button-wrapper guten-t6AuD7\"><a class=\"guten-button animated guten-element-hide desktop-fadeInUp guten-button-sm\" href=\"https:\/\/multiserviciosjf.com\/index.php\/484-2\/\"><span>Contactanos<\/span><\/a><\/div>\n<\/div><\/div><\/div>\n<\/div><\/section><\/div>\n\n\n\n<div class=\"section-wrapper\" data-id=\"DgDsIJ\"><section class=\"wp-block-gutenverse-section guten-element guten-section guten-DgDsIJ layout-boxed align-stretch\"><div class=\"guten-background-overlay\"><\/div><div class=\"guten-shape-divider guten-shape-divider-top\"><\/div><div class=\"guten-shape-divider guten-shape-divider-bottom\"><\/div><div class=\"guten-container guten-column-gap-default\">\n<div class=\"wp-block-gutenverse-column guten-element guten-column guten-00yqfE\"><div class=\"guten-background-overlay\"><\/div><div class=\"sticky-wrapper\" data-id=\"00yqfE\"><div class=\"guten-column-wrapper\">\n<div class=\"guten-element guten-xBHyyD guten-icon-box icon-position-undefined\"><div class=\"guten-icon-box-wrapper hover-from-left\"><div class=\"icon-box icon-box-header\"><div class=\"icon style-color\"><i class=\"gtn gtn-target-2-light\"><\/i><\/div><\/div><div class=\"icon-box icon-box-body\"><h2 class=\"title\"><mark style=\"background-color:rgba(0, 0, 0, 0)\" class=\"has-inline-color has-startupzy-primary-color\">MISI\u00d3N<\/mark><\/h2><p class=\"icon-box-description\"><strong>\u00a0Somos personas movilizadas por objetivos<\/strong>, dedicadas a ofrecer m\u00e1s de lo imaginado por nosotros mismos. Tener\u00a0la misi\u00f3n como valor\u00a0tambi\u00e9n nos permite conectarnos con el origen de por qu\u00e9 seguimos desarrollando JF Multiservicios.<\/p><\/div><\/div><\/div>\n<\/div><\/div><\/div>\n\n\n\n<div class=\"wp-block-gutenverse-column guten-element guten-column guten-fz05jq\"><div class=\"guten-background-overlay\"><\/div><div class=\"sticky-wrapper\" data-id=\"fz05jq\"><div class=\"guten-column-wrapper\">\n<div class=\"guten-element guten-hWHsdu guten-icon-box icon-position-undefined\"><div class=\"guten-icon-box-wrapper hover-from-left\"><div class=\"icon-box icon-box-header\"><div class=\"icon style-color\"><i class=\"gtn gtn-idea1-light\"><\/i><\/div><\/div><div class=\"icon-box icon-box-body\"><h2 class=\"title\"><mark style=\"background-color:rgba(0, 0, 0, 0)\" class=\"has-inline-color has-startupzy-primary-color\">ATENCI\u00d3N CONSCIENTE<\/mark><\/h2><p class=\"icon-box-description\"><strong>Nos centramos en el presente y procuramos darnos el tiempo necesario para reflexionar<\/strong>, as\u00ed como tambi\u00e9n, el espacio para integrar nuestros saberes. Estas pr\u00e1cticas nos permiten aprender de forma colectiva, mejorar todo lo que hacemos y, a la vez, hacer que nuestro servicio evolucione continuamente.\u00a0<\/p><\/div><\/div><\/div>\n<\/div><\/div><\/div>\n\n\n\n<div class=\"wp-block-gutenverse-column guten-element guten-column guten-E53BTz\"><div class=\"guten-background-overlay\"><\/div><div class=\"sticky-wrapper\" data-id=\"E53BTz\"><div class=\"guten-column-wrapper\">\n<div class=\"guten-element guten-BDiK4s guten-icon-box icon-position-undefined\"><div class=\"guten-icon-box-wrapper hover-from-left\"><div class=\"icon-box icon-box-header\"><div class=\"icon style-color\"><i class=\"gtn gtn-shuffle-arrow-light\"><\/i><\/div><\/div><div class=\"icon-box icon-box-body\"><h2 class=\"title\"><mark style=\"background-color:rgba(0, 0, 0, 0)\" class=\"has-inline-color has-startupzy-primary-color\">FLEXIBILIDAD<\/mark><\/h2><p class=\"icon-box-description\"><strong>Descartar que solamente se pueda elegir entre dos alternativas.\u00a0<\/strong>Somos curiosos, creativos y estamos abiertos a perspectivas nuevas. Al tener que elegir entre dos caras de una misma moneda se pierden los beneficios de una de ellas. Por eso nos comprometemos a buscar una tercera opci\u00f3n en la que el enfoque este en su beneficio.<\/p><\/div><\/div><\/div>\n<\/div><\/div><\/div>\n<\/div><\/section><\/div>\n\n\n\n<div class=\"section-wrapper\" data-id=\"N51LwF\"><section class=\"wp-block-gutenverse-section guten-element guten-section guten-N51LwF layout-boxed align-stretch\"><div class=\"guten-background-overlay\"><\/div><div class=\"guten-shape-divider guten-shape-divider-top\"><\/div><div class=\"guten-shape-divider guten-shape-divider-bottom\"><\/div><div class=\"guten-container guten-column-gap-default\">\n<div class=\"wp-block-gutenverse-column guten-element guten-column guten-9407cx\"><div class=\"guten-background-overlay\"><\/div><div class=\"sticky-wrapper\" data-id=\"9407cx\"><div class=\"guten-column-wrapper\">\n<h5 class=\"wp-block-gutenverse-heading guten-element guten-3tPrxG animated guten-element-hide desktop-fadeInUp\">Visi\u00f3n<\/h5>\n\n\n\n<h2 class=\"wp-block-gutenverse-heading guten-element guten-TzgyWw animated guten-element-hide desktop-fadeInUp\">Apuntamos a soluciones eficaces, r\u00e1pidas y objetivas<\/h2>\n\n\n\n<div class=\"guten-element gutenverse-text-editor guten-F4Bdav animated guten-element-hide desktop-fadeInUp\"><div class=\"text-content-inner\">\n<p><strong>Cada d\u00eda crece la necesidad de mejorar los servicios posteriores a la puesta en funcionamiento de estructuras edilicias como pent-houses, oficinas, complejos habitacionales entre otros.<\/strong><br><br><strong> En las \u00e1reas de mantenimientos preventivos, predictivos y correctivos que hacen al mantenimiento y crecimiento de un activo en el tiempo, manteniendo as\u00ed su valor en el mercado adem\u00e1s de un est\u00e1ndar alto en funcionamiento operativo y de servicios al usuario.<\/strong><\/p>\n\n\n\n<p><strong>Destacamos tambi\u00e9n, la supervisi\u00f3n de los servicios que requiere cada propiedad para su \u00f3ptimo funcionamiento haci\u00e9ndolos cada d\u00eda m\u00e1s rentables.<\/strong><\/p>\n<\/div><\/div>\n<\/div><\/div><\/div>\n<\/div><\/section><\/div>\n\n\n\n<div class=\"section-wrapper\" data-id=\"Jmjnhj\"><section class=\"wp-block-gutenverse-section guten-element guten-section guten-Jmjnhj layout-boxed align-stretch\"><div class=\"guten-background-overlay\"><\/div><div class=\"guten-shape-divider guten-shape-divider-top\"><\/div><div class=\"guten-shape-divider guten-shape-divider-bottom\"><\/div><div class=\"guten-container guten-column-gap-default\">\n<div class=\"wp-block-gutenverse-column guten-element guten-column guten-HTkVBY\"><div class=\"guten-background-overlay\"><\/div><div class=\"sticky-wrapper\" data-id=\"HTkVBY\"><div class=\"guten-column-wrapper\">\n<div class=\"section-wrapper\" data-id=\"LIBomp\"><section class=\"wp-block-gutenverse-section guten-element guten-section guten-LIBomp layout-boxed align-stretch\"><div class=\"guten-background-overlay\"><\/div><div class=\"guten-shape-divider guten-shape-divider-top\"><\/div><div class=\"guten-shape-divider guten-shape-divider-bottom\"><\/div><div class=\"guten-container guten-column-gap-default\">\n<div class=\"wp-block-gutenverse-column guten-element guten-column guten-S6ae5S\"><div class=\"guten-background-overlay\"><\/div><div class=\"sticky-wrapper\" data-id=\"S6ae5S\"><div class=\"guten-column-wrapper\">\n<h5 class=\"wp-block-gutenverse-heading guten-element guten-ujERR8\">contactanos<\/h5>\n\n\n\n<h2 class=\"wp-block-gutenverse-heading guten-element guten-GSKRu7\">Presupueste con nosotros<\/h2>\n\n\n\n<div class=\"guten-element gutenverse-text-editor guten-1VUcNT\"><div class=\"text-content-inner\">\n<p>Nuestro equipo de profesionales estar\u00e1 atento a su consulta<\/p>\n<\/div><\/div>\n<\/div><\/div><\/div>\n\n\n\n<div class=\"wp-block-gutenverse-column guten-element guten-column guten-xO8YVP\"><div class=\"guten-background-overlay\"><\/div><div class=\"sticky-wrapper\" data-id=\"xO8YVP\"><div class=\"guten-column-wrapper\">\n<div class=\"guten-element guten-button-wrapper guten-HwL3rh\"><a class=\"guten-button guten-button-sm\" href=\"https:\/\/multiserviciosjf.com\/index.php\/484-2\/\"><span>Empezemos<\/span><\/a><\/div>\n<\/div><\/div><\/div>\n<\/div><\/section><\/div>\n\n\n\n<div class=\"section-wrapper\" data-id=\"i2cooj\"><section class=\"wp-block-gutenverse-section guten-element guten-section guten-i2cooj layout-boxed align-stretch\"><div class=\"guten-background-overlay\"><\/div><div class=\"guten-shape-divider guten-shape-divider-top\"><\/div><div class=\"guten-shape-divider guten-shape-divider-bottom\"><\/div><div class=\"guten-container guten-column-gap-default\">\n<div class=\"wp-block-gutenverse-column guten-element guten-column guten-l03XgJ\"><div class=\"guten-background-overlay\"><\/div><div class=\"sticky-wrapper\" data-id=\"l03XgJ\"><div class=\"guten-column-wrapper\">\n<div class=\"wp-block-gutenverse-image guten-element guten-image guten-ITwWw1\"><a class=\"guten-image-wrapper\"><img loading=\"lazy\" decoding=\"async\" class=\"gutenverse-image-box-filled\" src=\"http:\/\/multiserviciosjf.com\/wp-content\/uploads\/2024\/01\/Imagotipo-gris-sin-fondo-1.png\" height=\"524\" width=\"953\"\/><\/a><\/div>\n\n\n\n<div class=\"guten-element gutenverse-text-editor guten-EGZWn0\"><div class=\"text-content-inner\">\n<p>Elegimos brindarte un servicio diferente, de manera que puedas mantener tus activos en un est\u00e1ndar alto en valor agregado.<\/p>\n<\/div><\/div>\n\n\n\n<div class=\"guten-element guten-social-icons guten-Z6MdGg rounded horizontal custom\">\n<div class=\"guten-element guten-social-icon guten-g2FyfY youtube\"><a id=\"guten-g2FyfY\"><i class=\"fab fa-youtube\"><\/i><span><\/span><\/a><\/div>\n<\/div>\n<\/div><\/div><\/div>\n\n\n\n<div class=\"wp-block-gutenverse-column guten-element guten-column guten-7jshxz\"><div class=\"guten-background-overlay\"><\/div><div class=\"sticky-wrapper\" data-id=\"7jshxz\"><div class=\"guten-column-wrapper\">\n<h4 class=\"wp-block-gutenverse-heading guten-element guten-ObxZkq\"><a href=\"https:\/\/multiserviciosjf.com\/index.php\/servicios\/\">Servicios<\/a><\/h4>\n\n\n\n<div class=\"guten-element guten-icon-list guten-VxUp5u\">\n<div class=\"guten-element guten-icon-list-item guten-Wwqb37\"><a id=\"guten-Wwqb37\"><i class=\"fas fa-check\"><\/i><span class=\"list-text \">Mantenimiento<\/span><\/a><\/div>\n\n\n\n<div class=\"guten-element guten-icon-list-item guten-0GXiQu\"><a id=\"guten-0GXiQu\"><i class=\"fas fa-check\"><\/i><span class=\"list-text \">Estudio patolog\u00edas<\/span><\/a><\/div>\n\n\n\n<div class=\"guten-element guten-icon-list-item guten-PB0grj\"><a id=\"guten-PB0grj\"><i class=\"fas fa-check\"><\/i><span class=\"list-text \">Informes t\u00e9cnicos<\/span><\/a><\/div>\n\n\n\n<div class=\"guten-element guten-icon-list-item guten-E3yv5M\"><a id=\"guten-E3yv5M\" href=\"https:\/\/multiserviciosjf.com\/index.php\/servicios\/\"><i class=\"fas fa-check\"><\/i><span class=\"list-text \">Otros servicios<\/span><\/a><\/div>\n<\/div>\n<\/div><\/div><\/div>\n\n\n\n<div class=\"wp-block-gutenverse-column guten-element guten-column guten-GSdgKl\"><div class=\"guten-background-overlay\"><\/div><div class=\"sticky-wrapper\" data-id=\"GSdgKl\"><div class=\"guten-column-wrapper\">\n<h4 class=\"wp-block-gutenverse-heading guten-element guten-RwERkk\">Rapidos<\/h4>\n\n\n\n<div class=\"guten-element guten-icon-list guten-YztvE0\">\n<div class=\"guten-element guten-icon-list-item guten-9JEHYZ\"><a id=\"guten-9JEHYZ\" href=\"https:\/\/multiserviciosjf.com\/index.php\/sobre-nosotros\/\"><i class=\"fas fa-check\"><\/i><span class=\"list-text \">Nosotros<\/span><\/a><\/div>\n\n\n\n<div class=\"guten-element guten-icon-list-item guten-kNCHU0\"><a id=\"guten-kNCHU0\" href=\"https:\/\/multiserviciosjf.com\/index.php\/servicios\/\"><i class=\"fas fa-check\"><\/i><span class=\"list-text \">Servicios<\/span><\/a><\/div>\n\n\n\n<div class=\"guten-element guten-icon-list-item guten-r1Kt4Q\"><a id=\"guten-r1Kt4Q\" href=\"https:\/\/multiserviciosjf.com\/index.php\/484-2\/\"><i class=\"fas fa-check\"><\/i><span class=\"list-text \">Contacto<\/span><\/a><\/div>\n\n\n\n<div class=\"guten-element guten-icon-list-item guten-3daGYS\"><a id=\"guten-3daGYS\" href=\"https:\/\/multiserviciosjf.com\/\"><i class=\"fas fa-check\"><\/i><span class=\"list-text \">Inicio<\/span><\/a><\/div>\n<\/div>\n<\/div><\/div><\/div>\n\n\n\n<div class=\"wp-block-gutenverse-column guten-element guten-column guten-XiDd6I\"><div class=\"guten-background-overlay\"><\/div><div class=\"sticky-wrapper\" data-id=\"XiDd6I\"><div class=\"guten-column-wrapper\">\n<h2 class=\"wp-block-gutenverse-heading guten-element guten-ormijW\">Contacto<\/h2>\n\n\n\n<div class=\"guten-element guten-icon-list guten-skstzK\">\n<div class=\"guten-element guten-icon-list-item guten-u4rgxR\"><a id=\"guten-u4rgxR\"><i class=\"fas fa-map-marker-alt\"><\/i><span class=\"list-text \">Ni\u00f1a 1771, Montevideo, Uruguay<\/span><\/a><\/div>\n\n\n\n<div class=\"guten-element guten-icon-list-item guten-TLw8Ss\"><a id=\"guten-TLw8Ss\"><i class=\"fas fa-phone-alt\"><\/i><span class=\"list-text \">(598) 99 &#8211; 908 &#8211; 816<\/span><\/a><\/div>\n\n\n\n<div class=\"guten-element guten-icon-list-item guten-g9KKZJ\"><a id=\"guten-g9KKZJ\"><i class=\"fas fa-envelope\"><\/i><span class=\"list-text \">contacto@multiserviciosjf.com<\/span><\/a><\/div>\n<\/div>\n<\/div><\/div><\/div>\n<\/div><\/section><\/div>\n\n\n\n<div class=\"section-wrapper\" data-id=\"ob9UeO\"><section class=\"wp-block-gutenverse-section guten-element guten-section guten-ob9UeO layout-boxed align-stretch\"><div class=\"guten-background-overlay\"><\/div><div class=\"guten-shape-divider guten-shape-divider-top\"><\/div><div class=\"guten-shape-divider guten-shape-divider-bottom\"><\/div><div class=\"guten-container guten-column-gap-no\">\n<div class=\"wp-block-gutenverse-column guten-element guten-column guten-iKOdkB\"><div class=\"guten-background-overlay\"><\/div><div class=\"sticky-wrapper\" data-id=\"iKOdkB\"><div class=\"guten-column-wrapper\">\n<div class=\"guten-element gutenverse-text-editor guten-icotpe\"><div class=\"text-content-inner\">\n<p>JF MULTISERVICIOS \u00a9 2023. Todos los derechos reservados<\/p>\n<\/div><\/div>\n<\/div><\/div><\/div>\n\n\n\n<div class=\"wp-block-gutenverse-column guten-element guten-column guten-GPSwAp\"><div class=\"guten-background-overlay\"><\/div><div class=\"sticky-wrapper\" data-id=\"GPSwAp\"><div class=\"guten-column-wrapper\"><\/div><\/div><\/div>\n<\/div><\/section><\/div>\n<\/div><\/div><\/div>\n<\/div><\/section><\/div>\n","protected":false},"excerpt":{"rendered":"","protected":false},"author":1,"featured_media":0,"parent":0,"menu_order":0,"comment_status":"closed","ping_status":"closed","template":"","meta":{"_themeisle_gutenberg_block_has_review":false,"_ti_tpc_template_sync":false,"_ti_tpc_template_id":"","footnotes":""},"_links":{"self":[{"href":"https:\/\/multiserviciosjf.com\/index.php\/wp-json\/wp\/v2\/pages\/443"}],"collection":[{"href":"https:\/\/multiserviciosjf.com\/index.php\/wp-json\/wp\/v2\/pages"}],"about":[{"href":"https:\/\/multiserviciosjf.com\/index.php\/wp-json\/wp\/v2\/types\/page"}],"author":[{"embeddable":true,"href":"https:\/\/multiserviciosjf.com\/index.php\/wp-json\/wp\/v2\/users\/1"}],"replies":[{"embeddable":true,"href":"https:\/\/multiserviciosjf.com\/index.php\/wp-json\/wp\/v2\/comments?post=443"}],"version-history":[{"count":33,"href":"https:\/\/multiserviciosjf.com\/index.php\/wp-json\/wp\/v2\/pages\/443\/revisions"}],"predecessor-version":[{"id":812,"href":"https:\/\/multiserviciosjf.com\/index.php\/wp-json\/wp\/v2\/pages\/443\/revisions\/812"}],"wp:attachment":[{"href":"https:\/\/multiserviciosjf.com\/index.php\/wp-json\/wp\/v2\/media?parent=443"}],"curies":[{"name":"wp","href":"https:\/\/api.w.org\/{rel}","templated":true}]}}