{"id":461,"date":"2024-01-21T00:32:53","date_gmt":"2024-01-21T03:32:53","guid":{"rendered":"https:\/\/multiserviciosjf.com\/?page_id=461"},"modified":"2024-11-03T22:21:53","modified_gmt":"2024-11-04T01:21:53","slug":"servicios","status":"publish","type":"page","link":"https:\/\/multiserviciosjf.com\/index.php\/servicios\/","title":{"rendered":"SERVICIOS"},"content":{"rendered":"\n<div class=\"section-wrapper\" data-id=\"BzZ5Di\"><section class=\"wp-block-gutenverse-section guten-element guten-section guten-BzZ5Di layout-fullwidth align-stretch\"><div class=\"guten-background-overlay\"><\/div><div class=\"guten-shape-divider guten-shape-divider-top\"><\/div><div class=\"guten-shape-divider guten-shape-divider-bottom\"><\/div><div class=\"guten-container guten-column-gap-no\">\n<div class=\"wp-block-gutenverse-column guten-element guten-column guten-iCgBnH\"><div class=\"guten-background-overlay\"><\/div><div class=\"sticky-wrapper\" data-id=\"iCgBnH\"><div class=\"guten-column-wrapper\">\n<figure class=\"wp-block-image aligncenter size-full is-resized\"><a href=\"https:\/\/multiserviciosjf.com\/\"><img fetchpriority=\"high\" decoding=\"async\" width=\"555\" height=\"449\" src=\"https:\/\/multiserviciosjf.com\/wp-content\/uploads\/2024\/01\/image__1_-removebg-preview.png\" alt=\"\" class=\"wp-image-575\" style=\"width:85px;height:auto\" srcset=\"https:\/\/multiserviciosjf.com\/wp-content\/uploads\/2024\/01\/image__1_-removebg-preview.png 555w, https:\/\/multiserviciosjf.com\/wp-content\/uploads\/2024\/01\/image__1_-removebg-preview-300x243.png 300w\" sizes=\"(max-width: 555px) 100vw, 555px\" \/><\/a><\/figure>\n<\/div><\/div><\/div>\n\n\n\n<div class=\"wp-block-gutenverse-column guten-element guten-column guten-0Qy3tx\"><div class=\"guten-background-overlay\"><\/div><div class=\"sticky-wrapper\" data-id=\"0Qy3tx\"><div class=\"guten-column-wrapper\"><div id=\"guten-EiT5AD\" class=\"guten-element guten-nav-menu nav-menu break-point-tablet submenu-click-title \" data-item-indicator=\"fas fa-angle-down\" data-close-on-click=\"1\">\n\t\t\t<div class=\"gutenverse-hamburger-wrapper\">\n\t\t\t\t<button class=\"gutenverse-hamburger-menu\">\n\t\t\t\t\t<i aria-hidden=\"true\" class=\"fas fa-bars\"><\/i>\n\t\t\t\t<\/button>\n\t\t\t<\/div>\n\t\t\t\n\t\t\t<div class=\"gutenverse-menu-wrapper\"><div class=\"gutenverse-menu\"><ul>\n<li class=\"page_item page-item-484\"><a href=\"javascript:void(0);\" data-href=\"https:\/\/multiserviciosjf.com\/index.php\/484-2\/\">CONTACTO<\/a><\/li>\n<li class=\"page_item page-item-443\"><a href=\"javascript:void(0);\" data-href=\"https:\/\/multiserviciosjf.com\/index.php\/sobre-nosotros\/\">Nosotros<\/a><\/li>\n<li class=\"page_item page-item-461\"><a href=\"javascript:void(0);\" data-href=\"https:\/\/multiserviciosjf.com\/index.php\/servicios\/\">SERVICIOS<\/a><\/li>\n<li class=\"page_item page-item-690\"><a href=\"javascript:void(0);\" data-href=\"https:\/\/multiserviciosjf.com\/index.php\/trabajos\/\">Trabajos<\/a><\/li>\n<\/ul><\/div>\n\n\t\t\t\t<div>\n\t\t\t\t\t<div class=\"gutenverse-nav-identity-panel\">\n\t\t\t\t\t\t<div class=\"gutenverse-nav-site-title\">\n\t\t\t\t\t\t\t<a href=\"https:\/\/multiserviciosjf.com\" class=\"gutenverse-nav-logo\"><img decoding=\"async\" src=\"https:\/\/tes-plugin.kit\/wp-content\/themes\/startupzy\/\/assets\/img\/logo-startupzy-2.webp\" alt=\"JF Multiservicios - \"><\/a>\n\t\t\t\t\t\t<\/div>\n\t\t\t\t\t\t<button class=\"gutenverse-close-menu\"><i aria-hidden=\"true\" class=\"fas fa-times\"><\/i><\/button>\n\t\t\t\t\t<\/div>\n\t\t\t\t<\/div>\n\t\t\t<\/div>\n\t\t<\/div><\/div><\/div><\/div>\n<\/div><\/section><\/div>\n\n\n\n<div class=\"section-wrapper\" data-id=\"pNrAbp\"><section class=\"wp-block-gutenverse-section guten-element guten-section guten-pNrAbp layout-boxed align-stretch\"><div class=\"guten-background-overlay\"><\/div><div class=\"guten-shape-divider guten-shape-divider-top\"><\/div><div class=\"guten-shape-divider guten-shape-divider-bottom\"><\/div><div class=\"guten-container guten-column-gap-default\">\n<div class=\"wp-block-gutenverse-column guten-element guten-column guten-2ZmwgH\"><div class=\"guten-background-overlay\"><\/div><div class=\"sticky-wrapper\" data-id=\"2ZmwgH\"><div class=\"guten-column-wrapper\">\n<h2 class=\"wp-block-gutenverse-heading guten-element guten-GuptEo\">Nuestros Servicios<\/h2>\n\n\n\n<div class=\"guten-element guten-icon-list guten-jSZb57 inline-icon-list\">\n<div class=\"guten-element guten-icon-list-item guten-rHUK0X\"><a id=\"guten-rHUK0X\" href=\"https:\/\/multiserviciosjf.com\/\"><span class=\"list-text no-icon\">Inicio <\/span><\/a><\/div>\n\n\n\n<div class=\"guten-element guten-icon-list-item guten-k2OOfB\"><a id=\"guten-k2OOfB\"><i class=\"fas fa-chevron-right\"><\/i><span class=\"list-text \">Servicios<\/span><\/a><\/div>\n<\/div>\n<\/div><\/div><\/div>\n<\/div><\/section><\/div>\n\n\n\n<div class=\"section-wrapper\" data-id=\"IP4mgC\"><section class=\"wp-block-gutenverse-section guten-element guten-section guten-IP4mgC layout-boxed align-stretch\"><div class=\"guten-background-overlay\"><\/div><div class=\"guten-shape-divider guten-shape-divider-top\"><\/div><div class=\"guten-shape-divider guten-shape-divider-bottom\"><\/div><div class=\"guten-container guten-column-gap-no\">\n<div class=\"wp-block-gutenverse-column guten-element guten-column guten-Tf7s4t\"><div class=\"guten-background-overlay\"><\/div><div class=\"sticky-wrapper\" data-id=\"Tf7s4t\"><div class=\"guten-column-wrapper\">\n<h5 class=\"wp-block-gutenverse-heading guten-element guten-vw6wJm animated guten-element-hide desktop-fadeInUp\">nuestros servicios<\/h5>\n\n\n\n<h2 class=\"wp-block-gutenverse-heading guten-element guten-eMDlzH animated guten-element-hide desktop-fadeInUp\">\u00bfQu\u00e9 servicios ofrecemos?<\/h2>\n\n\n\n<div class=\"guten-element gutenverse-text-editor guten-3RPwN7 animated guten-element-hide desktop-fadeInUp\"><div class=\"text-content-inner\">\n<p>Aqu\u00ed podr\u00e1s encontrar algunos de nuestros servicios<\/p>\n<\/div><\/div>\n\n\n\n<div class=\"section-wrapper\" data-id=\"QnOY5G\"><section class=\"wp-block-gutenverse-section guten-element guten-section guten-QnOY5G animated guten-element-hide slow desktop-fadeInUp layout-boxed align-stretch\"><div class=\"guten-background-overlay\"><\/div><div class=\"guten-shape-divider guten-shape-divider-top\"><\/div><div class=\"guten-shape-divider guten-shape-divider-bottom\"><\/div><div class=\"guten-container guten-column-gap-no\">\n<div class=\"wp-block-gutenverse-column guten-element guten-column guten-a7eSIF\"><div class=\"guten-background-overlay\"><\/div><div class=\"sticky-wrapper\" data-id=\"a7eSIF\"><div class=\"guten-column-wrapper\">\n<div class=\"guten-element guten-qaePzA animated guten-element-hide desktop-fadeInUp guten-icon-box icon-position-top\"><div class=\"guten-icon-box-wrapper hover-from-left\"><div class=\"icon-box icon-box-header\"><div class=\"icon style-color\"><i class=\"gtn gtn-Computer-light\"><\/i><\/div><\/div><div class=\"icon-box icon-box-body\"><h3 class=\"title\">Mantenimiento edilicio<\/h3><p class=\"icon-box-description\">Supervisi\u00f3n directa de servicios tercerizados<br>Creaci\u00f3n y ejecuci\u00f3n de planes de mantenimiento.<br>Revisi\u00f3n y auditor\u00edas externas de sistemas operativos de un edificio o centro log\u00edstico.<\/p><\/div><div class=\"hover-watermark\"><i class=\"gtn gtn-Computer-light\"><\/i><\/div><\/div><\/div>\n<\/div><\/div><\/div>\n\n\n\n<div class=\"wp-block-gutenverse-column guten-element guten-column guten-k92WPv\"><div class=\"guten-background-overlay\"><\/div><div class=\"sticky-wrapper\" data-id=\"k92WPv\"><div class=\"guten-column-wrapper\">\n<div class=\"guten-element guten-GUFUgP animated guten-element-hide desktop-fadeInUp guten-icon-box icon-position-top\"><div class=\"guten-icon-box-wrapper hover-from-left\"><div class=\"icon-box icon-box-header\"><div class=\"icon style-color\"><i class=\"gtn gtn-Mechanic-light\"><\/i><\/div><\/div><div class=\"icon-box icon-box-body\"><h3 class=\"title\">Construccion<\/h3><p class=\"icon-box-description\">Direcci\u00f3n y supervisi\u00f3n de obras, presupuestos y contrataciones externas.<br>Construcci\u00f3n en seco, obras en yeso.<\/p><\/div><div class=\"hover-watermark\"><i class=\"gtn gtn-design-light\"><\/i><\/div><\/div><\/div>\n<\/div><\/div><\/div>\n\n\n\n<div class=\"wp-block-gutenverse-column guten-element guten-column guten-ZdS1hn\"><div class=\"guten-background-overlay\"><\/div><div class=\"sticky-wrapper\" data-id=\"ZdS1hn\"><div class=\"guten-column-wrapper\">\n<div class=\"guten-element guten-W3QNwY animated guten-element-hide desktop-fadeInUp guten-icon-box icon-position-top\"><div class=\"guten-icon-box-wrapper hover-from-left\"><div class=\"icon-box icon-box-header\"><div class=\"icon style-color\"><i class=\"gtn gtn-stream-solid\"><\/i><\/div><\/div><div class=\"icon-box icon-box-body\"><h3 class=\"title\">\u00c1reas verdes<\/h3><p class=\"icon-box-description\">Cuidado y mantenimiento de amplias \u00e1reas verdes.<br>Proyectos verdes.<\/p><\/div><div class=\"hover-watermark\"><i class=\"gtn gtn-code-solid\"><\/i><\/div><\/div><\/div>\n<\/div><\/div><\/div>\n<\/div><\/section><\/div>\n\n\n\n<div class=\"section-wrapper\" data-id=\"h4xjcB\"><section class=\"wp-block-gutenverse-section guten-element guten-section guten-h4xjcB animated guten-element-hide slow desktop-fadeInUp layout-boxed align-stretch\"><div class=\"guten-background-overlay\"><\/div><div class=\"guten-shape-divider guten-shape-divider-top\"><\/div><div class=\"guten-shape-divider guten-shape-divider-bottom\"><\/div><div class=\"guten-container guten-column-gap-no\">\n<div class=\"wp-block-gutenverse-column guten-element guten-column guten-mnVy7u\"><div class=\"guten-background-overlay\"><\/div><div class=\"sticky-wrapper\" data-id=\"mnVy7u\"><div class=\"guten-column-wrapper\">\n<div class=\"guten-element guten-BJ2I96 animated guten-element-hide desktop-fadeInUp guten-icon-box icon-position-top\"><div class=\"guten-icon-box-wrapper hover-from-left\"><div class=\"icon-box icon-box-header\"><div class=\"icon style-color\"><i class=\"gtn gtn-graph-2-light\"><\/i><\/div><\/div><div class=\"icon-box icon-box-body\"><h3 class=\"title\">Estudio patolog\u00edas constructivas<\/h3><p class=\"icon-box-description\">\u00a0An\u00e1lisis de patolog\u00eda estableciendo or\u00edgenes y comportamiento desde lo estructural a lo t\u00e9cnico .<br><\/p><\/div><div class=\"hover-watermark\"><i class=\"gtn gtn-graph-2-light\"><\/i><\/div><\/div><\/div>\n\n\n\n<div class=\"guten-element guten-sqwzf8 animated guten-element-hide desktop-fadeInUp guten-icon-box icon-position-top\"><div class=\"guten-icon-box-wrapper hover-from-left\"><div class=\"icon-box icon-box-header\"><div class=\"icon style-color\"><i class=\"fas fa-plug\"><\/i><\/div><\/div><div class=\"icon-box icon-box-body\"><h3 class=\"title\"><strong>Electricidad<\/strong><\/h3><p class=\"icon-box-description\">Servicios referentes a la electricidad.<br>Industrial y residencial.<br>Iluminaci\u00f3n edilicia.<\/p><\/div><div class=\"hover-watermark\"><i class=\"gtn gtn-graph-2-light\"><\/i><\/div><\/div><\/div>\n\n\n\n<div class=\"guten-element guten-XCG57U animated guten-element-hide desktop-fadeInUp guten-icon-box icon-position-top\"><div class=\"guten-icon-box-wrapper hover-from-left\"><div class=\"icon-box icon-box-header\"><div class=\"icon style-color\"><i class=\"gtn gtn-graph-2-light\"><\/i><\/div><\/div><div class=\"icon-box icon-box-body\"><h3 class=\"title\">Servicio de Personal<\/h3><p class=\"icon-box-description\">Personal capacitado en uso y manejo de maquinaria especifica. Brindando el servicio en conjunto de asesoramiento personalizado.<\/p><\/div><div class=\"hover-watermark\"><i class=\"gtn gtn-graph-2-light\"><\/i><\/div><\/div><\/div>\n<\/div><\/div><\/div>\n\n\n\n<div class=\"wp-block-gutenverse-column guten-element guten-column guten-F2lzo5\"><div class=\"guten-background-overlay\"><\/div><div class=\"sticky-wrapper\" data-id=\"F2lzo5\"><div class=\"guten-column-wrapper\">\n<div class=\"guten-element guten-KlYKGj animated guten-element-hide desktop-fadeInUp guten-icon-box icon-position-top\"><div class=\"guten-icon-box-wrapper hover-from-left\"><div class=\"icon-box icon-box-header\"><div class=\"icon style-color\"><i class=\"gtn gtn-padlock-1-light\"><\/i><\/div><\/div><div class=\"icon-box icon-box-body\"><h3 class=\"title\">Informes tecnicos<\/h3><p class=\"icon-box-description\">Calificados en informes t\u00e9cnicos de construcci\u00f3n y mantenimiento de edificios corporativos egresados de Universidad ORT.<\/p><\/div><div class=\"hover-watermark\"><i class=\"gtn gtn-padlock-1-light\"><\/i><\/div><\/div><\/div>\n\n\n\n<div class=\"guten-element guten-t4Zflf animated guten-element-hide desktop-fadeInUp guten-icon-box icon-position-top\"><div class=\"guten-icon-box-wrapper hover-from-left\"><div class=\"icon-box icon-box-header\"><div class=\"icon style-color\"><i class=\"gtn gtn-graph-2-light\"><\/i><\/div><\/div><div class=\"icon-box icon-box-body\"><h3 class=\"title\">Refrigeraci\u00f3n<\/h3><p class=\"icon-box-description\">Sistemas de Aire Acondicionado <br>Instalaci\u00f3n\u00a0y\u00a0Mantenimiento.<br>Reparaciones<\/p><\/div><div class=\"hover-watermark\"><i class=\"gtn gtn-graph-2-light\"><\/i><\/div><\/div><\/div>\n\n\n\n<div class=\"guten-element guten-jl1fwb animated guten-element-hide desktop-fadeInUp guten-icon-box icon-position-top\"><div class=\"guten-icon-box-wrapper hover-from-left\"><div class=\"icon-box icon-box-header\"><div class=\"icon style-color\"><i class=\"gtn gtn-graph-2-light\"><\/i><\/div><\/div><div class=\"icon-box icon-box-body\"><h3 class=\"title\">Impermeabilizaciones<\/h3><p class=\"icon-box-description\">Terrazas, balcones, azoteas.<\/p><\/div><div class=\"hover-watermark\"><i class=\"gtn gtn-graph-2-light\"><\/i><\/div><\/div><\/div>\n<\/div><\/div><\/div>\n\n\n\n<div class=\"wp-block-gutenverse-column guten-element guten-column guten-yieQIZ\"><div class=\"guten-background-overlay\"><\/div><div class=\"sticky-wrapper\" data-id=\"yieQIZ\"><div class=\"guten-column-wrapper\">\n<div class=\"guten-element guten-TUDVTe animated guten-element-hide desktop-fadeInUp guten-icon-box icon-position-top\"><div class=\"guten-icon-box-wrapper hover-from-left\"><div class=\"icon-box icon-box-header\"><div class=\"icon style-color\"><i class=\"fas fa-sitemap\"><\/i><\/div><\/div><div class=\"icon-box icon-box-body\"><h3 class=\"title\">Asesoramiento tecnico profesional<\/h3><p class=\"icon-box-description\">Acompa\u00f1ado de los informes encontramos el asesoramiento con acciones paliativas posibles y definitivas. Examinando los riesgos en mayor y menor impacto\u00a0<br><\/p><\/div><div class=\"hover-watermark\"><i class=\"gtn gtn-cloud-2-light\"><\/i><\/div><\/div><\/div>\n\n\n\n<div class=\"guten-element guten-mKmxsj animated guten-element-hide desktop-fadeInUp guten-icon-box icon-position-top\"><div class=\"guten-icon-box-wrapper hover-from-left\"><div class=\"icon-box icon-box-header\"><div class=\"icon style-color\"><i class=\"gtn gtn-Helmet-light\"><\/i><\/div><\/div><div class=\"icon-box icon-box-body\"><h3 class=\"title\">Otros servicios<\/h3><p class=\"icon-box-description\">Sanitaria<br>Seguridad laboral \/ Tecn\u00f3logo <br>prevencionista.<br>Salud ocupacional.<br>Planos, proyectos y reformas. Limpieza, mantenimiento<br>Mantenimiento de sistemas contra incendios<br>\u00c1reas verdes <\/p><\/div><div class=\"hover-watermark\"><i class=\"gtn gtn-graph-2-light\"><\/i><\/div><\/div><\/div>\n<\/div><\/div><\/div>\n<\/div><\/section><\/div>\n<\/div><\/div><\/div>\n<\/div><\/section><\/div>\n\n\n\n<figure class=\"wp-block-gallery has-nested-images columns-default is-cropped wp-block-gallery-1 is-layout-flex wp-block-gallery-is-layout-flex\">\n<figure class=\"wp-block-image size-large\"><img decoding=\"async\" width=\"1600\" height=\"1067\" data-id=\"792\" src=\"https:\/\/multiserviciosjf.com\/wp-content\/uploads\/2024\/03\/bd52f291-d20c-463b-8634-bfa44ea4ed1d-edited.jpg\" alt=\"\" class=\"wp-image-792\" srcset=\"https:\/\/multiserviciosjf.com\/wp-content\/uploads\/2024\/03\/bd52f291-d20c-463b-8634-bfa44ea4ed1d-edited.jpg 1600w, https:\/\/multiserviciosjf.com\/wp-content\/uploads\/2024\/03\/bd52f291-d20c-463b-8634-bfa44ea4ed1d-edited-300x200.jpg 300w, https:\/\/multiserviciosjf.com\/wp-content\/uploads\/2024\/03\/bd52f291-d20c-463b-8634-bfa44ea4ed1d-edited-1024x683.jpg 1024w, https:\/\/multiserviciosjf.com\/wp-content\/uploads\/2024\/03\/bd52f291-d20c-463b-8634-bfa44ea4ed1d-edited-768x512.jpg 768w, https:\/\/multiserviciosjf.com\/wp-content\/uploads\/2024\/03\/bd52f291-d20c-463b-8634-bfa44ea4ed1d-edited-1536x1024.jpg 1536w, https:\/\/multiserviciosjf.com\/wp-content\/uploads\/2024\/03\/bd52f291-d20c-463b-8634-bfa44ea4ed1d-edited-600x400.jpg 600w\" sizes=\"(max-width: 1600px) 100vw, 1600px\" \/><\/figure>\n\n\n\n<figure class=\"wp-block-image size-large\"><img decoding=\"async\" width=\"1024\" height=\"504\" data-id=\"815\" src=\"http:\/\/multiserviciosjf.com\/wp-content\/uploads\/2024\/11\/c3beb2d1-218d-4675-95e1-06a4a64fed45-1024x504.jpg\" alt=\"\" class=\"wp-image-815\"\/><\/figure>\n<\/figure>\n\n\n\n<div class=\"section-wrapper\" data-id=\"Jmjnhj\"><section class=\"wp-block-gutenverse-section guten-element guten-section guten-Jmjnhj layout-boxed align-stretch\"><div class=\"guten-background-overlay\"><\/div><div class=\"guten-shape-divider guten-shape-divider-top\"><\/div><div class=\"guten-shape-divider guten-shape-divider-bottom\"><\/div><div class=\"guten-container guten-column-gap-default\">\n<div class=\"wp-block-gutenverse-column guten-element guten-column guten-HTkVBY\"><div class=\"guten-background-overlay\"><\/div><div class=\"sticky-wrapper\" data-id=\"HTkVBY\"><div class=\"guten-column-wrapper\">\n<div class=\"section-wrapper\" data-id=\"LIBomp\"><section class=\"wp-block-gutenverse-section guten-element guten-section guten-LIBomp layout-boxed align-stretch\"><div class=\"guten-background-overlay\"><\/div><div class=\"guten-shape-divider guten-shape-divider-top\"><\/div><div class=\"guten-shape-divider guten-shape-divider-bottom\"><\/div><div class=\"guten-container guten-column-gap-default\">\n<div class=\"wp-block-gutenverse-column guten-element guten-column guten-S6ae5S\"><div class=\"guten-background-overlay\"><\/div><div class=\"sticky-wrapper\" data-id=\"S6ae5S\"><div class=\"guten-column-wrapper\">\n<h5 class=\"wp-block-gutenverse-heading guten-element guten-ujERR8\">\u00bfNO HA VISTO EL SERVICIO QUE NECESITA?<\/h5>\n\n\n\n<h2 class=\"wp-block-gutenverse-heading guten-element guten-GSKRu7\">Encontremos soluciones juntos.<\/h2>\n\n\n\n<div class=\"guten-element gutenverse-text-editor guten-1VUcNT\"><div class=\"text-content-inner\">\n<p>Nuestro equipo de profesionales se pondr\u00e1 en contacto con usted.<\/p>\n<\/div><\/div>\n<\/div><\/div><\/div>\n\n\n\n<div class=\"wp-block-gutenverse-column guten-element guten-column guten-xO8YVP\"><div class=\"guten-background-overlay\"><\/div><div class=\"sticky-wrapper\" data-id=\"xO8YVP\"><div class=\"guten-column-wrapper\">\n<div class=\"guten-element guten-button-wrapper guten-HwL3rh\"><a class=\"guten-button guten-button-sm\" href=\"https:\/\/multiserviciosjf.com\/index.php\/484-2\/\"><span>Empezemos<\/span><\/a><\/div>\n<\/div><\/div><\/div>\n<\/div><\/section><\/div>\n\n\n\n<div class=\"section-wrapper\" data-id=\"i2cooj\"><section class=\"wp-block-gutenverse-section guten-element guten-section guten-i2cooj layout-boxed align-stretch\"><div class=\"guten-background-overlay\"><\/div><div class=\"guten-shape-divider guten-shape-divider-top\"><\/div><div class=\"guten-shape-divider guten-shape-divider-bottom\"><\/div><div class=\"guten-container guten-column-gap-default\">\n<div class=\"wp-block-gutenverse-column guten-element guten-column guten-l03XgJ\"><div class=\"guten-background-overlay\"><\/div><div class=\"sticky-wrapper\" data-id=\"l03XgJ\"><div class=\"guten-column-wrapper\">\n<div class=\"wp-block-gutenverse-image guten-element guten-image guten-ITwWw1\"><a class=\"guten-image-wrapper\"><img loading=\"lazy\" decoding=\"async\" class=\"gutenverse-image-box-filled\" src=\"http:\/\/multiserviciosjf.com\/wp-content\/uploads\/2024\/01\/Imagotipo-gris-sin-fondo-1.png\" height=\"524\" width=\"953\"\/><\/a><\/div>\n\n\n\n<div class=\"guten-element gutenverse-text-editor guten-EGZWn0\"><div class=\"text-content-inner\">\n<p>Elegimos brindarte un servicio diferente, de manera que puedas mantener tus activos en un est\u00e1ndar alto en valor agregado.<\/p>\n<\/div><\/div>\n<\/div><\/div><\/div>\n\n\n\n<div class=\"wp-block-gutenverse-column guten-element guten-column guten-7jshxz\"><div class=\"guten-background-overlay\"><\/div><div class=\"sticky-wrapper\" data-id=\"7jshxz\"><div class=\"guten-column-wrapper\">\n<h4 class=\"wp-block-gutenverse-heading guten-element guten-ObxZkq\"><a href=\"https:\/\/multiserviciosjf.com\/index.php\/servicios\/\">Servicios<\/a><\/h4>\n\n\n\n<div class=\"guten-element guten-icon-list guten-VxUp5u\">\n<div class=\"guten-element guten-icon-list-item guten-Wwqb37\"><a id=\"guten-Wwqb37\"><i class=\"fas fa-check\"><\/i><span class=\"list-text \">Mantenimiento<\/span><\/a><\/div>\n\n\n\n<div class=\"guten-element guten-icon-list-item guten-0GXiQu\"><a id=\"guten-0GXiQu\"><i class=\"fas fa-check\"><\/i><span class=\"list-text \">Estudio patolog\u00edas<\/span><\/a><\/div>\n\n\n\n<div class=\"guten-element guten-icon-list-item guten-PB0grj\"><a id=\"guten-PB0grj\"><i class=\"fas fa-check\"><\/i><span class=\"list-text \">Informes t\u00e9cnicos<\/span><\/a><\/div>\n\n\n\n<div class=\"guten-element guten-icon-list-item guten-E3yv5M\"><a id=\"guten-E3yv5M\" href=\"https:\/\/multiserviciosjf.com\/index.php\/servicios\/\"><i class=\"fas fa-check\"><\/i><span class=\"list-text \">Otros servicios<\/span><\/a><\/div>\n<\/div>\n<\/div><\/div><\/div>\n\n\n\n<div class=\"wp-block-gutenverse-column guten-element guten-column guten-GSdgKl\"><div class=\"guten-background-overlay\"><\/div><div class=\"sticky-wrapper\" data-id=\"GSdgKl\"><div class=\"guten-column-wrapper\">\n<h4 class=\"wp-block-gutenverse-heading guten-element guten-RwERkk\">Rapidos<\/h4>\n\n\n\n<div class=\"guten-element guten-icon-list guten-YztvE0\">\n<div class=\"guten-element guten-icon-list-item guten-9JEHYZ\"><a id=\"guten-9JEHYZ\" href=\"https:\/\/multiserviciosjf.com\/index.php\/sobre-nosotros\/\"><i class=\"fas fa-check\"><\/i><span class=\"list-text \">Nosotros<\/span><\/a><\/div>\n\n\n\n<div class=\"guten-element guten-icon-list-item guten-kNCHU0\"><a id=\"guten-kNCHU0\" href=\"https:\/\/multiserviciosjf.com\/index.php\/servicios\/\"><i class=\"fas fa-check\"><\/i><span class=\"list-text \">Servicios<\/span><\/a><\/div>\n\n\n\n<div class=\"guten-element guten-icon-list-item guten-r1Kt4Q\"><a id=\"guten-r1Kt4Q\" href=\"https:\/\/multiserviciosjf.com\/index.php\/484-2\/\"><i class=\"fas fa-check\"><\/i><span class=\"list-text \">Contacto<\/span><\/a><\/div>\n\n\n\n<div class=\"guten-element guten-icon-list-item guten-3daGYS\"><a id=\"guten-3daGYS\" href=\"https:\/\/multiserviciosjf.com\/\"><i class=\"fas fa-check\"><\/i><span class=\"list-text \">Inicio<\/span><\/a><\/div>\n<\/div>\n<\/div><\/div><\/div>\n\n\n\n<div class=\"wp-block-gutenverse-column guten-element guten-column guten-XiDd6I\"><div class=\"guten-background-overlay\"><\/div><div class=\"sticky-wrapper\" data-id=\"XiDd6I\"><div class=\"guten-column-wrapper\">\n<h2 class=\"wp-block-gutenverse-heading guten-element guten-ormijW\">Contacto<\/h2>\n\n\n\n<div class=\"guten-element guten-icon-list guten-skstzK\">\n<div class=\"guten-element guten-icon-list-item guten-u4rgxR\"><a id=\"guten-u4rgxR\"><i class=\"fas fa-map-marker-alt\"><\/i><span class=\"list-text \">Ni\u00f1a 1771, Montevideo, Uruguay<\/span><\/a><\/div>\n\n\n\n<div class=\"guten-element guten-icon-list-item guten-TLw8Ss\"><a id=\"guten-TLw8Ss\"><i class=\"fas fa-phone-alt\"><\/i><span class=\"list-text \">(598) 99 &#8211; 908 &#8211; 816<\/span><\/a><\/div>\n\n\n\n<div class=\"guten-element guten-icon-list-item guten-g9KKZJ\"><a id=\"guten-g9KKZJ\"><i class=\"fas fa-envelope\"><\/i><span class=\"list-text \">contacto@multiserviciosjf.com<\/span><\/a><\/div>\n<\/div>\n<\/div><\/div><\/div>\n<\/div><\/section><\/div>\n\n\n\n<div class=\"section-wrapper\" data-id=\"ob9UeO\"><section class=\"wp-block-gutenverse-section guten-element guten-section guten-ob9UeO layout-boxed align-stretch\"><div class=\"guten-background-overlay\"><\/div><div class=\"guten-shape-divider guten-shape-divider-top\"><\/div><div class=\"guten-shape-divider guten-shape-divider-bottom\"><\/div><div class=\"guten-container guten-column-gap-no\">\n<div class=\"wp-block-gutenverse-column guten-element guten-column guten-iKOdkB\"><div class=\"guten-background-overlay\"><\/div><div class=\"sticky-wrapper\" data-id=\"iKOdkB\"><div class=\"guten-column-wrapper\">\n<div class=\"guten-element gutenverse-text-editor guten-icotpe\"><div class=\"text-content-inner\">\n<p>JF MULTISERVICIOS \u00a9 2023. Todos los derechos reservados<\/p>\n<\/div><\/div>\n<\/div><\/div><\/div>\n\n\n\n<div class=\"wp-block-gutenverse-column guten-element guten-column guten-GPSwAp\"><div class=\"guten-background-overlay\"><\/div><div class=\"sticky-wrapper\" data-id=\"GPSwAp\"><div class=\"guten-column-wrapper\"><\/div><\/div><\/div>\n<\/div><\/section><\/div>\n<\/div><\/div><\/div>\n<\/div><\/section><\/div>\n","protected":false},"excerpt":{"rendered":"","protected":false},"author":1,"featured_media":0,"parent":0,"menu_order":0,"comment_status":"closed","ping_status":"closed","template":"","meta":{"_themeisle_gutenberg_block_has_review":false,"_ti_tpc_template_sync":false,"_ti_tpc_template_id":"","footnotes":""},"_links":{"self":[{"href":"https:\/\/multiserviciosjf.com\/index.php\/wp-json\/wp\/v2\/pages\/461"}],"collection":[{"href":"https:\/\/multiserviciosjf.com\/index.php\/wp-json\/wp\/v2\/pages"}],"about":[{"href":"https:\/\/multiserviciosjf.com\/index.php\/wp-json\/wp\/v2\/types\/page"}],"author":[{"embeddable":true,"href":"https:\/\/multiserviciosjf.com\/index.php\/wp-json\/wp\/v2\/users\/1"}],"replies":[{"embeddable":true,"href":"https:\/\/multiserviciosjf.com\/index.php\/wp-json\/wp\/v2\/comments?post=461"}],"version-history":[{"count":35,"href":"https:\/\/multiserviciosjf.com\/index.php\/wp-json\/wp\/v2\/pages\/461\/revisions"}],"predecessor-version":[{"id":821,"href":"https:\/\/multiserviciosjf.com\/index.php\/wp-json\/wp\/v2\/pages\/461\/revisions\/821"}],"wp:attachment":[{"href":"https:\/\/multiserviciosjf.com\/index.php\/wp-json\/wp\/v2\/media?parent=461"}],"curies":[{"name":"wp","href":"https:\/\/api.w.org\/{rel}","templated":true}]}}